= -0*z. What is the tens digit of ((-14)/(-6) + -2)*z?
1
Let v = 10 - 10. Suppose 3*x + 12 = v, 0*b + b - 2*x = 17. What is the units digit of b?
9
What is the units digit of (-102)/(-10) + (-10)/50?
0
Suppose 164 = 5*g - x + 51, -2*g + 36 = -5*x. Let c be 5 - ((-4 - (3 + -6)) + 2). Suppose -c*r = g - 107. What is the units digit of r?
1
Let l(h) = -h**2 + 13*h - 12. What is the units digit of l(9)?
4
Let u = 4 + -2. Let n(j) = 4*j - j**3 + 33*j**u + 2*j**3 - 39*j**2 - 6 + 0*j. What is the units digit of n(6)?
8
Suppose 0 = 139*q - 140*q + 363. What is the hundreds digit of q?
3
Suppose -3*s = -h - 251, s + 3*s - 333 = h. What is the units digit of s?
2
Let a = 12 - 28. Let f be 0 + 3*-2 + 0. Let x = f - a. What is the tens digit of x?
1
Let f(j) = 5*j**3 - 4*j**2 + 3*j + 2. What is the tens digit of f(2)?
3
Let a be (-1)/((5/9)/(-5)). Suppose 2*n = -5*f - 0*f + 29, 0 = 5*n + f - 15. Suppose -a = -n*z + 7. What is the units digit of z?
8
Let h = -12 - -14. Suppose -5*x + 142 = u, -5*u = h*x - 0*u - 66. What is the tens digit of x?
2
Suppose 2*y - 73 = -5*p + 4*p, 5*p - 53 = -2*y. What is the tens digit of y?
3
Let i be (-3)/2*12/(-9). Suppose -i*h + 4 = -0. Let s = 7 - h. What is the units digit of s?
5
Suppose -i + 329 = 4*b, -7*i + 3*i - b + 1331 = 0. What is the units digit of i?
3
Let k(l) = 11*l - 1. Let s be k(1). Let d = s + -5. Let y = d + -4. What is the units digit of y?
1
Suppose -4*g - r - 2 + 1 = 0, 4*g = -2*r - 6. Let h be 4 - -2*(-2 + g). Suppose -2*s + 10 = -0*k + h*k, 5*k = 5*s - 5. What is the units digit of s?
3
What is the tens digit of -14*(-4 - 10/4)?
9
Let m(p) = -p - 1. Let b be m(-5). Suppose -3*h - b*g + 78 = -g, -g + 74 = 3*h. What is the units digit of h?
4
Suppose h + h = 18. Let l(v) = v**2 - 2*v + 2. Let c be l(2). Suppose c*r - h = -r. What is the units digit of r?
3
Let o = -17 - -10. Let u be 0 + 0 + o + -3. Let q = u + 25. What is the units digit of q?
5
What is the hundreds digit of -3*((-60)/108)/((-1)/(-147))?
2
Suppose 31 = 5*a + 11. Let y(n) = 6*n - 1. What is the units digit of y(a)?
3
What is the tens digit of -26*(-1)/((-2)/(-12 + -2))?
8
Suppose 4*j - 154 = 62. Suppose 0*n - 2*n = -j. What is the tens digit of n?
2
Let o = 506 + -198. What is the hundreds digit of o?
3
Suppose -z + 6 = 2, -z - 196 = -4*s. Suppose 29 = v - 2*d, -3*v + 2*d + 49 = -s. What is the tens digit of v?
3
Let b be (-6)/(-10)*30/(-6). Let l be (20/(-6))/((-1)/b). What is the units digit of 1/(-5) + (-22)/l?
2
Let y be 2*(6 - 3 - 2). What is the units digit of (y/(-6))/((-3)/9)?
1
Suppose -3*i + 33 = w, -3*i - 3 - 36 = -w. What is the units digit of w?
6
Let y be (-6)/(-24) + (-22)/(-8). Suppose 49 = y*i - 2. What is the units digit of i?
7
Suppose -2*n - 1 + 11 = 0. Suppose 5*u - 85 = 2*w + 3*w, 4*u + n*w = 95. What is the units digit of u?
0
Suppose 4*q - 33 = -h - 9, 2*q = 3*h - 2. Suppose 5*b = 5*w - 25, q*w + b - 37 = -0*w. What is the units digit of w?
7
Let w be -3*(-1)/3*2. Suppose 5*o - 2*h = 75, -w*o = -0*h - 5*h - 9. What is the tens digit of o?
1
Suppose 4*z = -z + 5. Suppose 0 = -r + 2*g - z, 3*r - 2 = 3*g - 2*g. What is the units digit of r?
1
Let z(n) be the second derivative of -n**3/6 + 2*n**2 - n. Let k be (2/(-1))/(-4)*0. What is the units digit of z(k)?
4
Let f be (-5)/1*12/(-5). Suppose -n + k = 5 - 3, 5*k - f = 4*n. What is the units digit of n?
2
Suppose -5*j + 169 = 44. What is the units digit of 445/j - (-2)/10?
8
Suppose -5*r + 19 = -4*o, 0 + 11 = 4*r + o. Let n(i) = i**2 + 1. What is the units digit of n(r)?
0
Let k = 22 + -10. What is the units digit of (-2)/(-3) - (-64)/k?
6
Suppose -3*n = -2*x - 2*x + 300, -4*x = n - 300. Suppose a - 4*q = -a + 72, 2*a = 5*q + x. What is the tens digit of a?
3
Let u(g) = -48*g + 4. Let t be u(-2). Suppose 0 = -4*o + 45 - 5. Suppose 3*l = l + o, 0 = -5*h - l + t. What is the tens digit of h?
1
What is the units digit of (-1)/2 + ((-988)/(-8) - -1)?
4
Suppose 0 = 2*y + 4*c - 78, 4*c = 4*y + c - 134. What is the units digit of y?
5
Suppose -y - y = 0. Suppose y*b = -2*b + 4. Suppose b*n + 1 = 3. What is the units digit of n?
1
Let d be ((-5)/4)/((-2)/8). Suppose -d*m - 5*v + 25 = 0, 4*m + 31 = v + 76. Suppose -5*x = -m - 10. What is the units digit of x?
4
Suppose 0*k = -3*k - 6. Let m = 2 - k. What is the units digit of m?
4
Let h be (-2 - -3)/((-1)/(-26)). Let f be ((-24)/9)/(-4)*3. Suppose -4*w + h = -f*w. What is the tens digit of w?
1
Let t(z) = -3*z - 12. Let g(q) = -q**2 + 6*q - 11. Let r be g(6). What is the units digit of t(r)?
1
Let k = -7 + 10. Let t be -1 + k - (1 + 0). Suppose -2*o = -t - 1. What is the units digit of o?
1
Suppose 0 = 4*k + 3*c - 9 + 2, 6 = 3*k + 2*c. Suppose 5*y - 65 = -5*p, -k = -p - 5. What is the tens digit of y?
1
Let u(w) = 16*w - 8. Let r(i) = 4*i - 2. Let z(k) = -22*r(k) + 6*u(k). What is the tens digit of z(3)?
2
What is the units digit of 3/(0 - (-2)/6)?
9
Suppose 5*p - 57 = 113. What is the units digit of p?
4
Let u be (-6 - (1 + -1)) + 1. Let q be (-4)/u*(-1 + 11). Suppose -r - q = -2*r. What is the units digit of r?
8
Let w(i) = 2*i - 4*i - i - 6. What is the tens digit of w(-6)?
1
Let v(w) = -3*w + 10. What is the units digit of v(-9)?
7
Let n = -93 - -232. What is the hundreds digit of n?
1
Let u(d) = -d**3 - 3*d**2 + 2. Let q be u(-3). Let z be 1/(q*(-1)/8). Let k(i) = -i**2 - 5*i + 1. What is the units digit of k(z)?
5
Let q(f) = f + 10. Let n be q(-5). Suppose -n*p = -0*p. Suppose p = 3*v - 8 - 13. What is the units digit of v?
7
Let s(m) = -m**2 - 7*m - 3. Let b be s(-6). What is the units digit of b + -2 + (0 - -3)?
4
Suppose -4*z + 20 = -4*t, 0 = -4*z + 2*z - 4*t - 8. Suppose -z*v + 3*y = -41, 4*v + 2*y + 46 = 6*v. What is the tens digit of v?
2
What is the units digit of -2 + 2 + 29 + 2?
1
Suppose 3*m + m = -28. Let a = -4 - m. What is the units digit of a?
3
Let w(t) = -t**3 + 8*t**2 - 3*t - 6. Suppose -5*u + 5*r = -50, 6 = 6*u - 3*u + 5*r. What is the units digit of w(u)?
2
Suppose 85 = 4*m + m. What is the units digit of m?
7
Let o(y) = y**3 - 5*y**2 - 2*y + 4. Let d be o(3). Let u be 1/(-3) - (-105)/(-9). Let p = u - d. What is the units digit of p?
8
Suppose 3*l - 34 = l. Suppose 0 = 5*n - 122 - 8. Let c = n - l. What is the units digit of c?
9
Let h(u) = -u**3 + 7*u**2 - 6*u + 7. Let j be ((-8)/(-7) + -2)*7. Let q(w) = w**3 + 7*w**2 + 4*w - 6. Let m be q(j). What is the units digit of h(m)?
7
Let w be ((-3)/9)/((-2)/6). What is the units digit of (1/w)/((-14)/(-56))?
4
Let j be (5 - 2)*(-2 + 3). Suppose y + 27 = -j*d + 4*y, -12 = 3*d + 2*y. Let o(f) = -f - 4. What is the units digit of o(d)?
2
Let r(o) = 1 + 5*o**2 - 6*o**2 - o + o**2 + o**3. What is the units digit of r(1)?
1
Let a(k) = k**3 + 8*k**2 + 6*k - 6. Let b be a(-5). Suppose -4*t + b = -t. What is the units digit of t?
3
Let k = -15 + 7. Let d = k + 4. Let u = 11 + d. What is the units digit of u?
7
Let b(c) = -15*c + 4. Let i = -3 + 0. Let z be b(i). Suppose 3*x - f - 42 = 0, -4*x + f + z = 2*f. What is the units digit of x?
3
Let u(c) = 3*c**3 - c**2 - 4*c + 3. Let z be u(2). Suppose -4*m = m - z. What is the units digit of m?
3
Suppose -5*m + 324 = -126. Let n be 4/10 + m/25. Suppose 3*b + n = 4*b. What is the units digit of b?
4
Let w(q) = q**2 + 9*q. Let d(y) = -y**2 + 5*y + 4. Let u be d(7). Let j be w(u). Suppose 5*z - j = 20. What is the units digit of z?
6
Suppose p - 2 = 0, -3*k + 8*k + 4*p - 13 = 0. Suppose 0 = d - 1 + 4. What is the units digit of 22/3 + k/d?
7
What is the tens digit of (-2)/9 - (-3663)/81?
4
Suppose -j = 2*r + 4 - 1, -3*j = -4*r - 11. What is the units digit of j + (1*-3)/(-3)?
2
Let t(l) = 78*l**3 - 3*l**2 + 2*l. What is the units digit of t(1)?
7
Suppose -3*a + 3*s - 8*s = -96, 0 = -a + 3*s + 46. What is the tens digit of a?
3
Let c(k) = -2*k + 29. What is the units digit of c(-14)?
7
Let t(i) = i**2 + i - 10. Let k be t(-8). Let o = 64 - k. Suppose 6 = 2*v, -4*q = 2*v - 48 - o. What is the units digit of q?
5
Let f = 123 + -77. What is the units digit of f?
6
Suppose 4*r - 3 = 5. Suppose -2*y + r = 4*b + 10, 4*b = -12. What is the units digit of y?
2
Let v be ((-1)/(-2) + -1)*0. Suppose -2*t + 30 + 56 = v. What is the tens digit of t?
4
Suppose -4*c + o - 3*o + 114 = 0, 0 = -5*c - o + 141. Let x be 10/(-15) - c/(-